992. Calculate y(3).
204
Let q(d) = 11*d**3 + 28*d**2 + 14*d + 6. What is q(-3)?
-81
Let l(y) = 1048*y - 19924. Calculate l(19).
-12
Let x(k) = 2*k**2 - 31*k - 43. What is x(22)?
243
Let o(n) = -266*n + 1854. Determine o(6).
258
Let x(j) = 33*j + 5. What is x(-11)?
-358
Let r(q) = -169*q**2 - 26*q + 57. Give r(2).
-671
Let c(s) = -s**3 - 46*s**2 - 25*s + 2781. What is c(-44)?
9
Let u(j) = j**3 + 96*j**2 - 623*j - 1114. Calculate u(-102).
8
Let o(w) = 4*w**2 - 9*w - 18. Determine o(-7).
241
Let m(g) = -g**3 - 9*g**2 + 14*g + 29. Give m(-11).
117
Let c(m) = 753*m - 3034. Give c(4).
-22
Let i(w) = 2*w**2 + 44*w + 182. Calculate i(-18).
38
Let o(y) = y**2 + 73*y + 908. Calculate o(-16).
-4
Let n(t) = t**3 - 2*t**2 + 4*t + 1. Give n(-2).
-23
Let l(k) = -2*k**3 + 2*k**2 + 15*k + 78. Give l(5).
-47
Let b(m) = -4*m**2 + 94*m - 428. Give b(15).
82
Let l(m) = -174*m - 605. What is l(-3)?
-83
Let i(q) = -6*q**2 + 119*q + 13. Give i(20).
-7
Let g(l) = 2*l**2 - l - 16. Calculate g(-7).
89
Let s(k) = -13*k**2 + 420*k + 5. Calculate s(32).
133
Let i(b) = 30302*b - 90902. Calculate i(3).
4
Let c(l) = 353*l - 776. What is c(2)?
-70
Let w(s) = s**3 - 48*s**2 - 208*s - 2. Determine w(-4).
-2
Let y(o) = -962*o - 15397. Calculate y(-16).
-5
Let g(v) = 131*v - 79. Calculate g(5).
576
Let i(l) = 67*l + 934. Give i(-14).
-4
Let x(a) = -24*a + 412. Give x(7).
244
Let j(p) = p**2 + 45*p - 199. What is j(-49)?
-3
Let c(s) = -s**3 - 36*s**2 - 42*s - 143. What is c(-35)?
102
Let l(x) = -3*x**2 + 26*x - 40. Calculate l(9).
-49
Let k(v) = 622*v + 1241. Calculate k(-2).
-3
Let l(d) = -316*d - 1907. Determine l(-6).
-11
Let b(d) = 6*d**3 + 64*d**2 - 19*d + 12. What is b(-11)?
-21
Let t(b) = -54*b - 532. Calculate t(-10).
8
Let r(j) = 1426*j + 8547. Determine r(-6).
-9
Let y(x) = -3*x**3 - 8*x**2 - 12*x - 8. Determine y(-4).
104
Let s(y) = -39*y**2 - 86*y - 85. Give s(-1).
-38
Let n(t) = -22*t - 299. Calculate n(-29).
339
Let b(t) = t**3 - 7*t**2 + t - 1. Determine b(-3).
-94
Let l(h) = -433*h - 1728. Calculate l(-4).
4
Let s(l) = l**3 - 136*l**2 - 271*l - 539. Give s(138).
151
Let n(d) = 20*d - 561. What is n(22)?
-121
Let m(v) = -v**2 - 35*v - 137. Determine m(-32).
-41
Let v(l) = 2*l**2 + 6*l + 3. What is v(-11)?
179
Let k(y) = -y**3 - 5*y**2 - 23*y - 69. Calculate k(-5).
46
Let n(m) = 5*m + 266. Calculate n(-41).
61
Let h(v) = 14*v + 77. Give h(-10).
-63
Let y(q) = 2*q**2 - 267*q + 4970. Give y(111).
-25
Let j(r) = 21*r**2 + r + 5. Calculate j(-3).
191
Let x(u) = -u**3 + 15*u**2 + 112*u - 206. What is x(20)?
34
Let i(o) = -27*o**3 - 6*o**2 - 19*o + 21. Calculate i(1).
-31
Let y(w) = -w**3 + 16*w**2 + 39*w - 259. Give y(18).
-205
Let v(g) = 46*g + 533. Determine v(-10).
73
Let v(c) = 21*c**2 - 3402*c + 3403. Give v(1).
22
Let l(a) = 135*a - 125. Calculate l(1).
10
Let p(s) = -21653*s - 64955. Calculate p(-3).
4
Let n(f) = f**3 - 46*f**2 - 18*f - 1461. Calculate n(47).
-98
Let m(s) = -s**2 - 24*s - 351. Calculate m(-25).
-376
Let h(f) = -f**3 - 3*f**2 - 11*f + 9. What is h(0)?
9
Let y(p) = 42*p + 6040. Determine y(-141).
118
Let v(z) = -258*z - 174. Determine v(1).
-432
Let n(x) = -27*x + 8. Determine n(0).
8
Let o(y) = y**3 + 5*y**2 - 129*y + 23. Give o(9).
-4
Let v(s) = -388*s - 3878. Give v(-10).
2
Let k(y) = 316*y + 30025. What is k(-95)?
5
Let h(v) = 3*v - 301. Determine h(39).
-184
Let k(b) = -b**2 + 58*b - 8. Calculate k(57).
49
Let i(m) = m**2 + 79*m + 607. Give i(-61).
-491
Let j(l) = l**2 - 364*l + 14. Determine j(0).
14
Let a(u) = 6*u**2 - 55*u + 93. Give a(7).
2
Let r(l) = 139*l + 1670. Calculate r(-14).
-276
Let v(q) = 5*q**2 + q + 7. Calculate v(3).
55
Let k(v) = -17*v - 1011. Determine k(-59).
-8
Let f(i) = 2443*i + 2399. What is f(-1)?
-44
Let l(f) = -f**2 + 497*f - 7708. Calculate l(16).
-12
Let r(n) = -948*n - 4719. Give r(-5).
21
Let i(b) = b**2 - 19*b + 146. What is i(35)?
706
Let i(k) = 4*k - 179. Give i(34).
-43
Let y(g) = 65*g - 3909. Give y(59).
-74
Let q(w) = 62*w - 68. Give q(0).
-68
Let v(x) = 24*x + 4. Calculate v(6).
148
Let u(l) = 3*l**3 + 33*l**2 + 79*l - 41. Give u(-5).
14
Let f(c) = 57*c + 57. Determine f(-1).
0
Let p(g) = -g**2 - 568*g - 27754. Determine p(-54).
2
Let k(q) = -23*q**2 - 58*q + 184. Determine k(3).
-197
Let h(r) = 5*r**2 + 308*r + 4625. Calculate h(-26).
-3
Let o(l) = 257*l - 11050. Give o(43).
1
Let q(t) = t**2 + 2369*t - 160717. Give q(66).
-7
Let f(d) = -155*d**3 - 9*d**2 + 2*d + 2. What is f(1)?
-160
Let r(n) = -179*n - 1130. Calculate r(-12).
1018
Let h(c) = 4*c**2 - 149*c + 46. Give h(38).
160
Let u(z) = z**3 - 11*z**2 + 104*z - 676. What is u(8)?
-36
Let w(t) = -2*t**2 + 59. Calculate w(8).
-69
Let p(g) = -g**2 - 8*g + 124. Determine p(-16).
-4
Let i(l) = -l**3 - 4*l**2 + 8*l - 8. Calculate i(2).
-16
Let j(q) = 61*q - 893. Determine j(16).
83
Let d(h) = -13*h**3 - 3*h**2 - 7*h - 5. Give d(-1).
12
Let f(r) = -86*r**2 + 84*r + 6. Calculate f(1).
4
Let k(t) = t**3 + 36*t**2 + 305*t + 17. Determine k(-17).
323
Let b(p) = -7*p + 43. Calculate b(-11).
120
Let b(u) = -41*u + 203. Calculate b(12).
-289
Let n(z) = -63*z - 503. Determine n(-9).
64
Let b(x) = x**2 + 3*x + 3. What is b(-13)?
133
Let k(b) = -b**2 - 40*b - 25. Calculate k(-35).
150
Let j(w) = -2*w**2 + 89*w - 884. Calculate j(27).
61
Let j(r) = r**3 - 3*r**2 + 30*r - 131. Calculate j(4).
5
Let a(n) = -n**3 - 27*n**2 + 34*n - 956. Calculate a(-29).
-260
Let z(u) = -2*u**2 + 20*u + 27. Calculate z(-7).
-211
Let i(l) = -l**3 - 26*l**2 - 165*l - 37. What is i(-10)?
13
Let x(u) = 3*u**3 - 24*u**2 - 23*u - 34. Calculate x(9).
2
Let w(b) = -13*b - 206. What is w(-26)?
132
Let y(p) = 9*p**2 + 4*p - 7. Determine y(6).
341
Let j(w) = -8*w - 23. Give j(-6).
25
Let x(f) = -6*f**3 + 48*f**2 - 16*f + 153. Determine x(8).
25
Let j(k) = -3*k**2 + 48*k - 15. What is j(10)?
165
Let j(m) = 6*m**2 + 509*m + 1998. Calculate j(-4).
58
Let i(d) = -2*d**2 + 101*d - 174. Determine i(50).
-124
Let k(n) = -113*n - 336. What is k(-3)?
3
Let r(t) = 2*t**3 - 56*t**2 + 223*t - 102. Determine r(4).
22
Let d(f) = -98*f**2 - 980*f + 2. Calculate d(-10).
2
Let y(o) = -18*o**2 - 7*o + 24. Calculate y(3).
-159
Let s(y) = 60*y - 524. What is s(13)?
256
Let s(m) = -m**2 - 222*m + 4845. Determine s(20).
5
Let d(p) = -3*p**2 - 58*p - 345. Determine d(-6).
-105
Let j(t) = 3*t**2 - 1786*t + 7093. Calculate j(4).
-3
Let n(d) = d**3 - 6*d**2 - 12*d - 10. What is n(-2)?
-18
Let v(s) = 157*s + 185. Calculate v(-1).
28
Let k(p) = p**3 - 9*p**2 - 93*p - 114. What is k(-5)?
1
Let c(g) = -435*g**2 - 3469*g - 1. Calculate c(-8).
-89
Let f(h) = 17*h**2 - 211*h + 82. Determine f(12).
-2
Let k(w) = -w**3 + 4*w**2 + 28*w - 131. Calculate k(7).
-82
Let s(y) = y**2 + 104*y - 783. Determine s(-111).
-6
Let r(g) = 91*g + 2356. Calculate r(-26).
-10
Let s(b) = 127*b - 5641. Determine s(45).
74
Let x(n) = -71*n + 66. Calculate x(2).
-76
Let c(a) = 33*a**2 + 4727*a + 1138. Give c(-143).
-6
Let h(j) = 5*j + 61. Determine h(-20).
-39
Let j(r) = 303*r - 14249. What is j(47)?
-8
Let m(j) = -3*j - 15. What is m(-11)?
18
Let d(q) = 96*q + 786. Give d(-8).
18
Let n(x) = -x**3 + 123*x**2 + 2*x - 261. Calculate n(123).
-15
Let n(o) = 8*o**2 + 281*o + 122. What is n(-33)?
-439
Let x(m) = m**3 - 12*m**2 + 2*m - 33. Determine x(12).
-9
Let m(l) = -8*l**2 + 376*l - 366. Determine m(46).
2
Let r(q) = 41*q**2 - 5*q + 6. Give r(1).
42
Let s(b) = -23*b - 2191. Give s(-94).
-29
Let x(z) = 3*z - 221. Calculate x(78).
13
Let x(r) = 58*r**2 - 27*r + 53. What is x(2)?
231
Let o(l) = 3462*l - 2. Calculate o(0).
-2
Let l(p) = 730*p - 79575. Calculate l(109).
-5
Let w(x) = 250*x + 5233. What is w(-21)?
-17
Let c(u) = 2*u**3 + 9*u**2 + 4*u. What is c(-4)?
0
Let w(r) = 1035*r + 14496. What is w(-14)?
6
Let w(d) = -d**3 + 33*d**2 + 239*d - 96. What is w(39)?
99
Let j(p) = 302*p + 9643. Determine j(-32).
-21
Let w(h) = h**3 - 19*h**2 + 77*h + 11. Determine w(13).
-2
Let p(z) = -z**3 - 121*z**2 + 2982*z + 46. Give p(21).
46
Let u(y) = -22*y - 531. What is u(-18)?
-135
Let n(q) = -16*q + 1109. What is n(68)?
21
Let f(c) = -c**2 + 114*c - 228. Determine f(2).
-4
Let u(r) = -2*r**3 + 41*r**2 - 194*r - 154. Calculate u(10).
6
Let q(u) = -37*u - 159. Give q(-6).
63
Let t(u) = 515*u + 387. Give t(-2).
-643
Let i(c) = 3*c**3 + 4*c**2 - 10*c + 52. Calculate i(-